2 - 13*y - 11. List the prime factors of t(12).
11
Suppose 6 = b + 2*b. Suppose b*w - 122 = 4*h, -2*w = 2*w - 4*h - 252. Suppose 4*r + 5*c - w = -16, 3*r + 4*c = 38. List the prime factors of r.
2, 3
Suppose -5*x = -2*y - 64, -4*y + 9 = -3. Suppose x = i - 2. List the prime factors of i.
2
Suppose -5*o = -4*o + 6. What are the prime factors of ((-3)/o)/(3/60)?
2, 5
Let b be (-6)/(-14) + (-1510)/(-70). Let k = b + 13. What are the prime factors of k?
5, 7
Suppose 4*q - q + s + 4 = 0, 2*s = -5*q - 8. Suppose 0 = -3*j + 81 - q. List the prime factors of j.
3
Suppose -4*c = 2*w - 20, -2*c - 3*w = w - 16. Suppose -3*n + 30 - 9 = 4*j, -c*j + n = -9. What are the prime factors of j?
3
Suppose 0*m + 20 = 5*m - 5*z, -6 = -2*m + z. What are the prime factors of 3/m*(-204)/(-18)?
17
Suppose -2*s + 2*d - 17 = s, 0 = -2*s + 5*d - 4. Let p = s - -8. What are the prime factors of ((-8)/(-20))/(p/10)?
2
Suppose -3*m + 1 = -8. Let a(g) = -g**3 + 5*g**2 + g - 3. List the prime factors of a(m).
2, 3
Let m = -4 - -6. Suppose 18 = 5*q - m. Suppose j + 3*d = 5*j - 25, -31 = -q*j - 3*d. List the prime factors of j.
7
Let h(l) = -l**2 - l - 10. Let o be h(0). Let s = o - -53. Suppose 5*d + 6 = 3*n, 0 = -n - 3*n - 5*d + s. List the prime factors of n.
7
Let o be 1*(-4)/(-1 - 0). Let n(l) = -2*l - 21. Let u be n(-11). Suppose 4*g = -8, -o*z + g + u = -37. List the prime factors of z.
3
Let u be (10/4)/((-2)/4). Let k = 13 + u. What are the prime factors of k?
2
Let f(b) = -b**2 + 7*b - 5. Let u(w) = -w. Let x(i) = -f(i) - 3*u(i). List the prime factors of x(6).
17
Suppose -2*v = 2*v + 4*y - 36, -4*v - 3*y + 32 = 0. Suppose 4 = -2*w + 12. Suppose -v*f = -w*f - 15. List the prime factors of f.
3, 5
Let f(b) = b**2 + 4*b - 8. Let j be 38/(-6) + (-1)/(-3). List the prime factors of f(j).
2
Suppose 3*j - 4*x - 185 = 0, 0*j + 4*x = -j + 35. What are the prime factors of j?
5, 11
Let l(m) = m**3 + 8*m**2 + 9*m + 7. Let f be l(-7). Let i be 108/(-8) + (-1)/(-2). Let b = f - i. List the prime factors of b.
2, 3
Let n(z) = -z**2 - 11*z + 12. Let h be n(-9). Suppose -7*v + h = -4*v. List the prime factors of v.
2, 5
Let s(h) = h**3 - 10*h**2 - h + 12. Let y be s(10). Suppose 0 = r - 3*k - 14, -2*r + 7*k - y*k = -26. What are the prime factors of r?
2
Let m(y) = y**3 + y**2 + y + 5. Let d be m(0). Suppose 3*a + 5*v - 128 = -a, -d*a - v + 139 = 0. List the prime factors of a.
3
Suppose 81 = -2*g + 4*v - 7, -4*v - 248 = 5*g. List the prime factors of ((-21)/6 + 3)*g.
2, 3
Let k be (-40)/(-18) - 4/18. Suppose 2*u = -k*u. Suppose u = g + 4*g - 60. List the prime factors of g.
2, 3
Let a(h) = 2 - 4*h**3 + 3*h**3 - h + 4*h. Suppose 2*l = -l - 6. List the prime factors of a(l).
2
Suppose 5*b - s - 190 = 4*b, -b + 2*s = -192. Suppose 6*h - 2*h - b = 0. Let v = -33 + h. What are the prime factors of v?
2, 7
Let t = 11 - 20. Let j be (-2)/(-6) + 1083/t. What are the prime factors of ((-4)/(-5))/((-8)/j)?
2, 3
List the prime factors of (0 + 261)*6/18.
3, 29
Let s(v) = v**2 + v + 4. Let u(p) = p - 2. Let b be u(4). Suppose -2*g = -5*y + b*g + 8, 0 = 2*y - 3*g - 6. What are the prime factors of s(y)?
2
Let j(s) = 2*s - 1. Let u(d) = d - 1. Let y(r) = -3*j(r) + 5*u(r). Let k be y(2). Let h = k + 16. What are the prime factors of h?
2, 3
Let r(c) = 6*c + 4. List the prime factors of r(6).
2, 5
Let z = 91 + -15. List the prime factors of z.
2, 19
Suppose 0 = 3*h - 2*h - 55. What are the prime factors of h?
5, 11
Suppose 4*f + 2*o - 204 = 0, o = -2*f - f + 152. List the prime factors of f.
2, 5
Let m(g) be the third derivative of 0*g - 1/24*g**4 + 2*g**2 + 1/2*g**3 + 0. List the prime factors of m(-6).
3
Let x(r) = -r**2 + 11*r - 11. Let f be x(10). List the prime factors of f*(-13 - (1 - 2)).
2, 3
Let b(g) = -17*g + 1. What are the prime factors of b(-2)?
5, 7
Suppose o - 5*a + a = -17, -22 = o - 5*a. Suppose 0 = 4*n - o*m + 6 - 29, m = -1. Suppose -n*p = -0*p - 45. What are the prime factors of p?
3
List the prime factors of ((-24)/3)/(-4) - -76.
2, 3, 13
Let s be -2 + 3 + -4 - -50. Let d = s + -27. List the prime factors of d.
2, 5
What are the prime factors of (-12830)/(-30) - 10/6?
2, 3, 71
Let g(f) = -f**2 - 9*f - 3. Let n be 4*(-2)/(-3)*-3. Let o be g(n). Suppose -2*s + o*s = 21. What are the prime factors of s?
7
Let q(j) = -j**2 + 8*j + 1. Let t be q(7). Suppose -t*c + 40 = -4*c. What are the prime factors of c?
2, 5
Suppose 5*z - 73 = 442. List the prime factors of z.
103
Suppose 3*g = -g + 12. Suppose 0*m = 5*m - 2*a - 1, 0 = -3*m - g*a + 9. Let s(q) = 12*q**2 - q + 1. What are the prime factors of s(m)?
2, 3
Suppose -4*f - 4*t + 150 = -2*t, -5*f + 2*t + 201 = 0. List the prime factors of f.
3, 13
Let f(q) = 39*q + 1. What are the prime factors of f(4)?
157
What are the prime factors of (-33)/22 + 526/4?
2, 5, 13
What are the prime factors of (275/33)/((-2)/(-36))?
2, 3, 5
Let y = 452 + -287. Suppose 5*u = 110 + y. What are the prime factors of u?
5, 11
Suppose -2*l + 4 = -3*o, 5*l - 5*o + 8*o - 31 = 0. List the prime factors of 51/(-1)*l/(-15).
17
Suppose 2*f - 90 = -0*f. What are the prime factors of f?
3, 5
Let f(r) = -r**3 - 5*r**2 + 4*r - 14. What are the prime factors of f(-8)?
2, 73
List the prime factors of 283 - 13 - (3 + -2*1).
269
Suppose -k = -2*k - 5*q, 0 = 3*k - 5*q - 40. List the prime factors of k.
2, 5
Let a(d) = -18*d + 1. List the prime factors of a(-1).
19
Let x(d) = -d - 1. Let l = -16 - -11. Let y be x(l). Suppose y*m - 19 = 29. List the prime factors of m.
2, 3
List the prime factors of (108/(-20))/(2/(-10)).
3
Let p = -13 - -9. Let c = 2 + p. What are the prime factors of 1*(-16 + 0)/c?
2
Suppose 0*h = -4*h + 96. Suppose 4*n + 4 = 3*n, h = 4*f - 4*n. What are the prime factors of f?
2
Let h = 13 - -60. Let w = h + -51. What are the prime factors of w?
2, 11
Let v(a) = -25*a**2 + 3*a + 1. Let l(w) = 24*w**2 - 2*w - 1. Let s(x) = 4*l(x) + 3*v(x). What are the prime factors of s(1)?
3, 7
Let x(i) = 2*i**3 + 1 - i**2 + i - 4*i - i**3. Suppose 12 = 2*t - 3*n, 4 = -t + 3*t + n. What are the prime factors of x(t)?
2, 5
List the prime factors of -3*((-21)/(-9))/(-1).
7
Suppose -3*h - 6 = -24. Suppose 0 = -h*d + d. Let q(o) = -o + 16. List the prime factors of q(d).
2
Let s = -4 + 9. Suppose -4*c = -s*v + 75, -2*c - c + 75 = 5*v. What are the prime factors of v?
3, 5
Suppose -k + 10 = -23. List the prime factors of k.
3, 11
What are the prime factors of 88/198 - 1445/(-9)?
7, 23
Suppose 0*m + 4*m + 208 = 3*d, 3*d - 3*m - 204 = 0. Suppose -9 = -5*u - d. Let c(h) = -2*h - 16. What are the prime factors of c(u)?
2, 3
Let w(p) = p + 9. Let l be w(4). Suppose -f + l = -0*f. What are the prime factors of f?
13
Suppose 4*j + 4*x - 12 = 0, -2*x - 6 = 3*j - 5*j. Let r(h) = h**2 + h - 5. Let s be r(-4). Let l = s - j. What are the prime factors of l?
2
Let q(s) = 3*s + 36. Let t be q(-9). Let f(p) = -p**3 + 2*p**2 + 3*p + 5. Let l be f(4). What are the prime factors of t/l + 86/10?
2
Let s(c) = c**2 - c. Let h be s(-1). Let j = 19 - h. List the prime factors of j.
17
Suppose 0 = -3*h - 5*p + 232, -4*h + 220 = -h - p. Suppose 0 = 5*q + 4 - h. List the prime factors of q.
2, 7
Suppose -2*p - o = -p, -8 = p - o. Suppose -4*s + 0 = 24. Let y = p - s. What are the prime factors of y?
2
Suppose 2*a + a = 3. What are the prime factors of a/(1 - 12/13)?
13
Let k = -20 + 266. What are the prime factors of k?
2, 3, 41
Let n = -73 - -66. Let a(t) = 2*t + 0*t - 3*t. List the prime factors of a(n).
7
Let r = 1 + 39. List the prime factors of r.
2, 5
Let i(f) = 40*f - 1. Let s be i(1). Suppose -4*b + 69 = -s. What are the prime factors of b?
3
Let m(t) = 5*t**2 + 3*t + 8. Let h(u) = -3*u**2 - u - 4. Let j(g) = -7*h(g) - 4*m(g). Let p be j(7). List the prime factors of ((-6)/10)/((-2)/p).
3
Let r(y) be the first derivative of -y**5/60 + 7*y**4/24 - y**3/6 - 3*y**2/2 - 4. Let z(x) be the second derivative of r(x). List the prime factors of z(6).
5
Let y(s) = s**2 + 2*s. Suppose -4*o + 12 = 5*t, -5*t - 1 = -o + 2. Let u be y(o). Let q = u - 7. List the prime factors of q.
2
Suppose 0 = -0*o - 4*o - o. Let y(m) = -m**2 + 7*m - 3. Let x be y(6). Suppose o*w = -x*w + 39. List the prime factors of w.
13
Let p(y) = 61*y + 2. List the prime factors of p(2).
2, 31
Let i(a) = 3*a - 2. Let r be i(2). L